{"id":528,"date":"2018-08-15T12:07:09","date_gmt":"2018-08-15T10:07:09","guid":{"rendered":"http:\/\/az-serwer1810823.online.pro\/autoinstalator\/wordpress\/?page_id=528"},"modified":"2018-08-30T16:56:57","modified_gmt":"2018-08-30T14:56:57","slug":"dewocjonalia","status":"publish","type":"page","link":"https:\/\/www.arsarte.com.pl\/?page_id=528","title":{"rendered":"Dewocjonalia"},"content":{"rendered":"\t\t<div data-elementor-type=\"wp-post\" data-elementor-id=\"528\" class=\"elementor elementor-528 elementor-bc-flex-widget\">\n\t\t\t\t\t\t<section class=\"elementor-section elementor-top-section elementor-element elementor-element-67b81de elementor-section-full_width elementor-section-height-default elementor-section-height-default\" data-id=\"67b81de\" data-element_type=\"section\" data-e-type=\"section\">\n\t\t\t\t\t\t<div class=\"elementor-container elementor-column-gap-default\">\n\t\t\t\t\t<div class=\"elementor-column elementor-col-100 elementor-top-column elementor-element elementor-element-5ba23a74\" data-id=\"5ba23a74\" data-element_type=\"column\" data-e-type=\"column\">\n\t\t\t<div class=\"elementor-widget-wrap elementor-element-populated\">\n\t\t\t\t\t\t<div class=\"elementor-element elementor-element-17356245 elementor-widget elementor-widget-image\" data-id=\"17356245\" data-element_type=\"widget\" data-e-type=\"widget\" data-widget_type=\"image.default\">\n\t\t\t\t<div class=\"elementor-widget-container\">\n\t\t\t\t\t\t\t\t\t\t\t\t\t\t\t<img fetchpriority=\"high\" decoding=\"async\" width=\"3340\" height=\"781\" src=\"https:\/\/www.arsarte.com.pl\/wp-content\/uploads\/2018\/07\/fot5.jpg\" class=\"attachment-full size-full wp-image-14\" alt=\"Prezenty okoliczno\u015bciowe\" srcset=\"https:\/\/www.arsarte.com.pl\/wp-content\/uploads\/2018\/07\/fot5.jpg 3340w, https:\/\/www.arsarte.com.pl\/wp-content\/uploads\/2018\/07\/fot5-300x70.jpg 300w, https:\/\/www.arsarte.com.pl\/wp-content\/uploads\/2018\/07\/fot5-768x180.jpg 768w, https:\/\/www.arsarte.com.pl\/wp-content\/uploads\/2018\/07\/fot5-1024x239.jpg 1024w, https:\/\/www.arsarte.com.pl\/wp-content\/uploads\/2018\/07\/fot5-750x175.jpg 750w\" sizes=\"(max-width: 3340px) 100vw, 3340px\" \/>\t\t\t\t\t\t\t\t\t\t\t\t\t\t\t<\/div>\n\t\t\t\t<\/div>\n\t\t\t\t\t<\/div>\n\t\t<\/div>\n\t\t\t\t\t<\/div>\n\t\t<\/section>\n\t\t\t\t<section class=\"elementor-section elementor-top-section elementor-element elementor-element-50d46002 elementor-section-content-middle elementor-section-boxed elementor-section-height-default elementor-section-height-default\" data-id=\"50d46002\" data-element_type=\"section\" data-e-type=\"section\">\n\t\t\t\t\t\t<div class=\"elementor-container elementor-column-gap-no\">\n\t\t\t\t\t<div class=\"elementor-column elementor-col-33 elementor-top-column elementor-element elementor-element-40083c4a\" data-id=\"40083c4a\" data-element_type=\"column\" data-e-type=\"column\">\n\t\t\t<div class=\"elementor-widget-wrap elementor-element-populated\">\n\t\t\t\t\t\t<div class=\"elementor-element elementor-element-4a9695a elementor-widget elementor-widget-heading\" data-id=\"4a9695a\" data-element_type=\"widget\" data-e-type=\"widget\" data-widget_type=\"heading.default\">\n\t\t\t\t<div class=\"elementor-widget-container\">\n\t\t\t\t\t<h3 class=\"elementor-heading-title elementor-size-default\">Dewocjonalia<\/h3>\t\t\t\t<\/div>\n\t\t\t\t<\/div>\n\t\t\t\t<div class=\"elementor-element elementor-element-548ffc2d elementor-widget elementor-widget-image\" data-id=\"548ffc2d\" data-element_type=\"widget\" data-e-type=\"widget\" data-widget_type=\"image.default\">\n\t\t\t\t<div class=\"elementor-widget-container\">\n\t\t\t\t\t\t\t\t\t\t\t\t\t\t\t<img decoding=\"async\" width=\"331\" height=\"385\" src=\"https:\/\/www.arsarte.com.pl\/wp-content\/uploads\/2018\/08\/dewocjonalia_2.png\" class=\"elementor-animation-grow attachment-large size-large wp-image-536\" alt=\"\" srcset=\"https:\/\/www.arsarte.com.pl\/wp-content\/uploads\/2018\/08\/dewocjonalia_2.png 331w, https:\/\/www.arsarte.com.pl\/wp-content\/uploads\/2018\/08\/dewocjonalia_2-258x300.png 258w\" sizes=\"(max-width: 331px) 100vw, 331px\" \/>\t\t\t\t\t\t\t\t\t\t\t\t\t\t\t<\/div>\n\t\t\t\t<\/div>\n\t\t\t\t\t<\/div>\n\t\t<\/div>\n\t\t\t\t<div class=\"elementor-column elementor-col-33 elementor-top-column elementor-element elementor-element-110d13d9\" data-id=\"110d13d9\" data-element_type=\"column\" data-e-type=\"column\">\n\t\t\t<div class=\"elementor-widget-wrap elementor-element-populated\">\n\t\t\t\t\t\t<div class=\"elementor-element elementor-element-6fe049bb elementor-widget elementor-widget-image\" data-id=\"6fe049bb\" data-element_type=\"widget\" data-e-type=\"widget\" data-widget_type=\"image.default\">\n\t\t\t\t<div class=\"elementor-widget-container\">\n\t\t\t\t\t\t\t\t\t\t\t\t\t\t\t<img decoding=\"async\" width=\"331\" height=\"385\" src=\"https:\/\/www.arsarte.com.pl\/wp-content\/uploads\/2018\/08\/dewocjonalia_1.png\" class=\"elementor-animation-grow attachment-large size-large wp-image-535\" alt=\"\" srcset=\"https:\/\/www.arsarte.com.pl\/wp-content\/uploads\/2018\/08\/dewocjonalia_1.png 331w, https:\/\/www.arsarte.com.pl\/wp-content\/uploads\/2018\/08\/dewocjonalia_1-258x300.png 258w\" sizes=\"(max-width: 331px) 100vw, 331px\" \/>\t\t\t\t\t\t\t\t\t\t\t\t\t\t\t<\/div>\n\t\t\t\t<\/div>\n\t\t\t\t<div class=\"elementor-element elementor-element-4f46d161 elementor-widget elementor-widget-text-editor\" data-id=\"4f46d161\" data-element_type=\"widget\" data-e-type=\"widget\" data-widget_type=\"text-editor.default\">\n\t\t\t\t<div class=\"elementor-widget-container\">\n\t\t\t\t\t\t\t\t\t<p style=\"text-align: left;\">W naszych sklepach stacjonarnych prowadzimy sprzedajemy DEWOCJONALIA, BI\u017bUTERI\u0118 SREBRN\u0104 ORAZ Z\u0141OT\u0104, GARNITURY M\u0141ODZIE\u017bOWE I DLA DOROS\u0141YCH, SUKNIE \u015aLUBNE SZYTE NA MIAR\u0118.\u00a0<\/p><p>ZAPRASZAMY<\/p>\t\t\t\t\t\t\t\t<\/div>\n\t\t\t\t<\/div>\n\t\t\t\t\t<\/div>\n\t\t<\/div>\n\t\t\t\t<div class=\"elementor-column elementor-col-33 elementor-top-column elementor-element elementor-element-74db3ad\" data-id=\"74db3ad\" data-element_type=\"column\" data-e-type=\"column\">\n\t\t\t<div class=\"elementor-widget-wrap elementor-element-populated\">\n\t\t\t\t\t\t<div class=\"elementor-element elementor-element-4deb7c0a elementor-widget elementor-widget-image\" data-id=\"4deb7c0a\" data-element_type=\"widget\" data-e-type=\"widget\" data-widget_type=\"image.default\">\n\t\t\t\t<div class=\"elementor-widget-container\">\n\t\t\t\t\t\t\t\t\t\t\t\t\t\t\t<img loading=\"lazy\" decoding=\"async\" width=\"329\" height=\"382\" src=\"https:\/\/www.arsarte.com.pl\/wp-content\/uploads\/2018\/08\/dewocjonalia_3.png\" class=\"elementor-animation-grow attachment-full size-full wp-image-537\" alt=\"\" srcset=\"https:\/\/www.arsarte.com.pl\/wp-content\/uploads\/2018\/08\/dewocjonalia_3.png 329w, https:\/\/www.arsarte.com.pl\/wp-content\/uploads\/2018\/08\/dewocjonalia_3-258x300.png 258w\" sizes=\"(max-width: 329px) 100vw, 329px\" \/>\t\t\t\t\t\t\t\t\t\t\t\t\t\t\t<\/div>\n\t\t\t\t<\/div>\n\t\t\t\t\t<\/div>\n\t\t<\/div>\n\t\t\t\t\t<\/div>\n\t\t<\/section>\n\t\t\t\t<\/div>\n\t\t","protected":false},"excerpt":{"rendered":"<p>Dewocjonalia W naszych sklepach stacjonarnych prowadzimy sprzedajemy DEWOCJONALIA, BI\u017bUTERI\u0118 SREBRN\u0104 ORAZ Z\u0141OT\u0104, GARNITURY M\u0141ODZIE\u017bOWE I DLA DOROS\u0141YCH, SUKNIE \u015aLUBNE SZYTE NA MIAR\u0118.\u00a0 ZAPRASZAMY<\/p>\n","protected":false},"author":1,"featured_media":0,"parent":0,"menu_order":0,"comment_status":"closed","ping_status":"closed","template":"elementor_header_footer","meta":{"footnotes":""},"class_list":["post-528","page","type-page","status-publish","hentry"],"_links":{"self":[{"href":"https:\/\/www.arsarte.com.pl\/index.php?rest_route=\/wp\/v2\/pages\/528","targetHints":{"allow":["GET"]}}],"collection":[{"href":"https:\/\/www.arsarte.com.pl\/index.php?rest_route=\/wp\/v2\/pages"}],"about":[{"href":"https:\/\/www.arsarte.com.pl\/index.php?rest_route=\/wp\/v2\/types\/page"}],"author":[{"embeddable":true,"href":"https:\/\/www.arsarte.com.pl\/index.php?rest_route=\/wp\/v2\/users\/1"}],"replies":[{"embeddable":true,"href":"https:\/\/www.arsarte.com.pl\/index.php?rest_route=%2Fwp%2Fv2%2Fcomments&post=528"}],"version-history":[{"count":13,"href":"https:\/\/www.arsarte.com.pl\/index.php?rest_route=\/wp\/v2\/pages\/528\/revisions"}],"predecessor-version":[{"id":554,"href":"https:\/\/www.arsarte.com.pl\/index.php?rest_route=\/wp\/v2\/pages\/528\/revisions\/554"}],"wp:attachment":[{"href":"https:\/\/www.arsarte.com.pl\/index.php?rest_route=%2Fwp%2Fv2%2Fmedia&parent=528"}],"curies":[{"name":"wp","href":"https:\/\/api.w.org\/{rel}","templated":true}]}}